 23846?
4
What is the tens digit of 1719?
1
What is the units digit of 8397?
7
What is the units digit of 6879?
9
What is the units digit of 9889?
9
What is the units digit of 1777?
7
What is the tens digit of 1017?
1
What is the ten thousands digit of 14679?
1
What is the hundreds digit of 206?
2
What is the hundreds digit of 238?
2
What is the units digit of 1583?
3
What is the units digit of 3093?
3
What is the thousands digit of 18929?
8
What is the units digit of 26258?
8
What is the units digit of 179?
9
What is the hundreds digit of 4800?
8
What is the hundred thousands digit of 119712?
1
What is the thousands digit of 1026?
1
What is the hundreds digit of 198?
1
What is the tens digit of 13851?
5
What is the hundreds digit of 153?
1
What is the tens digit of 8982?
8
What is the hundreds digit of 1733?
7
What is the units digit of 1670?
0
What is the units digit of 4301?
1
What is the hundreds digit of 10399?
3
What is the hundreds digit of 2055?
0
What is the tens digit of 45876?
7
What is the tens digit of 11332?
3
What is the hundreds digit of 6386?
3
What is the tens digit of 1323?
2
What is the tens digit of 336?
3
What is the thousands digit of 22520?
2
What is the hundreds digit of 3261?
2
What is the hundreds digit of 29810?
8
What is the hundreds digit of 13706?
7
What is the hundreds digit of 39836?
8
What is the hundreds digit of 43844?
8
What is the ten thousands digit of 21489?
2
What is the units digit of 56683?
3
What is the tens digit of 223?
2
What is the thousands digit of 2502?
2
What is the units digit of 114?
4
What is the units digit of 100060?
0
What is the tens digit of 91834?
3
What is the tens digit of 2701?
0
What is the units digit of 11782?
2
What is the hundreds digit of 111?
1
What is the units digit of 1607?
7
What is the units digit of 15287?
7
What is the ten thousands digit of 64074?
6
What is the units digit of 4082?
2
What is the units digit of 376?
6
What is the tens digit of 9620?
2
What is the tens digit of 380?
8
What is the hundreds digit of 32655?
6
What is the thousands digit of 1144?
1
What is the thousands digit of 12374?
2
What is the tens digit of 3588?
8
What is the hundreds digit of 110968?
9
What is the tens digit of 2515?
1
What is the thousands digit of 8941?
8
What is the hundreds digit of 1012?
0
What is the units digit of 7858?
8
What is the hundreds digit of 12752?
7
What is the tens digit of 3265?
6
What is the thousands digit of 1187?
1
What is the thousands digit of 2738?
2
What is the hundreds digit of 175248?
2
What is the tens digit of 8766?
6
What is the hundreds digit of 8135?
1
What is the thousands digit of 1617?
1
What is the thousands digit of 44317?
4
What is the hundred thousands digit of 147374?
1
What is the thousands digit of 2620?
2
What is the tens digit of 29650?
5
What is the units digit of 4640?
0
What is the tens digit of 94504?
0
What is the thousands digit of 6292?
6
What is the tens digit of 26359?
5
What is the units digit of 223?
3
What is the tens digit of 258?
5
What is the units digit of 33707?
7
What is the hundreds digit of 2592?
5
What is the units digit of 54673?
3
What is the thousands digit of 18175?
8
What is the tens digit of 32201?
0
What is the ten thousands digit of 12554?
1
What is the tens digit of 2878?
7
What is the thousands digit of 2339?
2
What is the units digit of 46905?
5
What is the hundreds digit of 1995?
9
What is the units digit of 2425?
5
What is the hundreds digit of 117?
1
What is the units digit of 3616?
6
What is the hundreds digit of 9713?
7
What is the hundreds digit of 20416?
4
What is the thousands digit of 88312?
8
What is the units digit of 3726?
6
What is the hundreds digit of 89817?
8
What is the tens digit of 27533?
3
What is the tens digit of 436?
3
What is the units digit of 30284?
4
What is the thousands digit of 1468?
1
What is the hundreds digit of 7078?
0
What is the hundreds digit of 30345?
3
What is the units digit of 673?
3
What is the hundreds digit of 17391?
3
What is the hundreds digit of 1156?
1
What is the tens digit of 49711?
1
What is the thousands digit of 8288?
8
What is the units digit of 146565?
5
What is the units digit of 486?
6
What is the units digit of 4597?
7
What is the tens digit of 6797?
9
What is the hundreds digit of 1201?
2
What is the tens digit of 21217?
1
What is the units digit of 10302?
2
What is the hundreds digit of 14430?
4
What is the thousands digit of 31995?
1
What is the thousands digit of 28921?
8
What is the hundreds digit of 979?
9
What is the units digit of 1465?
5
What is the hundreds digit of 6566?
5
What is the hundreds digit of 45495?
4
What is the tens digit of 846?
4
What is the ten thousands digit of 79112?
7
What is the units digit of 3152?
2
What is the hundreds digit of 58275?
2
What is the tens digit of 9545?
4
What is the thousands digit of 8345?
8
What is the hundreds digit of 831?
8
What is the tens digit of 31763?
6
What is the ten thousands digit of 58136?
5
What is the tens digit of 24327?
2
What is the units digit of 7771?
1
What is the tens digit of 9324?
2
What is the thousands digit of 1439?
1
What is the units digit of 2221?
1
What is the hundreds digit of 7513?
5
What is the tens digit of 13180?
8
What is the thousands digit of 1624?
1
What is the tens digit of 2775?
7
What is the thousands digit of 25730?
5
What is the hundreds digit of 5026?
0
What is the hundreds digit of 16144?
1
What is the thousands digit of 1030?
1
What is the thousands digit of 1259?
1
What is the hundreds digit of 4235?
2
What is the thousands digit of 17005?
7
What is the hundreds digit of 1150?
1
What is the ten thousands digit of 42904?
4
What is the hundreds digit of 4608?
6
What is the hundreds digit of 3930?
9
What is the units digit of 5251?
1
What is the hundreds digit of 47324?
3
What is the hundreds digit of 6418?
4
What is the units digit of 33001?
1
What is the units digit of 688?
8
What is the hundreds digit of 824?
8
What is the units digit of 19478?
8
What is the tens digit of 1886?
8
What is the units digit of 1847?
7
What is the tens digit of 5566?
6
What is the thousands digit of 13744?
3
What is the hundreds digit of 5200?
2
What is the hundreds digit of 2829?
8
What is the tens digit of 28593?
9
What is the hundreds digit of 24422?
4
What is the ten thousands digit of 10401?
1
What is the tens digit of 1204?
0
What is the hundreds digit of 2208?
2
What is the tens digit of 155838?
3
What is the thousands digit of 88786?
8
What is the units digit of 115098?
8
What is the thousands digit of 5876?
5
What is the thousands digit of 31673?
1
What is the units digit of 6110?
0
What is the units digit of 777?
7
What is the tens digit of 1945?
4
What is the ten thousands digit of 80539?
8
What is the hundreds digit of 730?
7
What is the tens digit of 7587?
8
What is the hundreds digit of 956?
9
What is the units digit of 667?
7
What is the ten thousands digit of 14524?
1
What is the hundreds digit of 328?
3
What is the tens digit of 5549?
4
What is the units digit of 1345?
5
What is the units digit of 2657?
7
What is the units digit of 21718?
8
What is the thousands digit of 11979?
1
What is the tens digit of 6658?
5
What is the hundreds digit of 233?
2
What is the tens digit of 32024?
2
What is the tens digit of 18888?
8
What is the units digit of 2803?
3
What is the thousands digit of 33571?
3
What is the hundreds digit of 15794?
7
What is the units digit of 80?
0
What is the units digit of 2233?
3
What is the units digit of 3714?
4
What is the hundreds digit of 19951?
9
What is the thousands digit of 71376?
1
What is the thousands digit of 20470?
0
What is the units digit of 61?
1
What is the tens digit of 50114?
1
What is the thousands digit of 1863?
1
What is the hundreds digit of 89991?
9
What is the units digit of 813?
3
What is the thousands digit of 49219?
9
What is the thousands digit of 1258?
1
What is the ten thousands digit of 15846?
1
What is the tens digit of 1708?
0
What is the units digit of 121?
1
What is the hundreds digit of 15734?
7
What is the tens digit of 2009?
0
What is the units digit of 5413?
3
What is the tens digit of 20578?
7
What is the ten thousands digit of 50085?
5
What is the ten thousands digit of 19530?
1
What is t